{"id":2395,"date":"2023-04-23T07:06:01","date_gmt":"2023-04-23T07:06:01","guid":{"rendered":"http:\/\/www.lynkojunior.com\/?page_id=2395"},"modified":"2025-08-24T16:38:10","modified_gmt":"2025-08-24T16:38:10","slug":"egzaminy-dla-dzieci-i-mlodziezy","status":"publish","type":"page","link":"https:\/\/www.lynkojunior.com\/?page_id=2395","title":{"rendered":"Egzaminy dla dzieci i m\u0142odzie\u017cy"},"content":{"rendered":"\t\t<div data-elementor-type=\"wp-page\" data-elementor-id=\"2395\" class=\"elementor elementor-2395\">\n\t\t\t\t\t\t<div class=\"elementor-inner\">\n\t\t\t\t<div class=\"elementor-section-wrap\">\n\t\t\t\t\t\t\t\t\t<section class=\"elementor-section elementor-top-section elementor-element elementor-element-7f689f8c elementor-section-boxed elementor-section-height-default elementor-section-height-default\" data-id=\"7f689f8c\" data-element_type=\"section\">\n\t\t\t\t\t\t<div class=\"elementor-container elementor-column-gap-default\">\n\t\t\t\t\t\t\t<div class=\"elementor-row\">\n\t\t\t\t\t<div class=\"elementor-column elementor-col-100 elementor-top-column elementor-element elementor-element-493b4992\" data-id=\"493b4992\" data-element_type=\"column\">\n\t\t\t<div class=\"elementor-column-wrap elementor-element-populated\">\n\t\t\t\t\t\t\t<div class=\"elementor-widget-wrap\">\n\t\t\t\t\t\t<div class=\"elementor-element elementor-element-62bf8673 elementor-widget elementor-widget-text-editor\" data-id=\"62bf8673\" data-element_type=\"widget\" data-widget_type=\"text-editor.default\">\n\t\t\t\t<div class=\"elementor-widget-container\">\n\t\t\t\t\t\t\t\t<div class=\"elementor-text-editor elementor-clearfix\">\n\t\t\t\t<!-- wp:wpforms\/form-selector {\"clientId\":\"2859a404-25bd-4e53-844a-561d7f822aa5\"} \/-->\n\n<!-- wp:wpforms\/form-selector {\"clientId\":\"09b34a8c-fd1b-4713-969f-105fb3a13542\"} \/-->\n\n<!-- wp:wpforms\/form-selector {\"clientId\":\"3b965e73-e01c-4975-993c-6758edccd545\"} \/-->\n\n<!-- wp:wpforms\/form-selector {\"clientId\":\"ad4f4e7b-f3a9-4a16-98da-52d9eec279ac\"} \/-->\n\n<!-- wp:wpforms\/form-selector {\"clientId\":\"181bf840-e369-46b3-8899-47b296da53d4\"} \/-->\n\n<!-- wp:wpforms\/form-selector {\"clientId\":\"7282d14b-6ad0-4bd7-9b84-3b557bacf146\"} \/-->\n\n<!-- wp:wpforms\/form-selector {\"clientId\":\"250cd263-57ce-4f51-9046-4d895c5714fb\"} \/-->\n\n<!-- wp:wpforms\/form-selector {\"clientId\":\"552363c5-81d8-45f0-b6cd-0dfedacd1f1f\"} \/-->\n\n<!-- wp:wpforms\/form-selector {\"clientId\":\"0264cab3-40ee-4416-a7d3-6b9130bee192\"} \/-->\n\n<!-- wp:wpforms\/form-selector {\"clientId\":\"f3603792-f2cc-4681-a9d9-fd7817b916eb\"} \/-->\n\n<!-- wp:wpforms\/form-selector {\"clientId\":\"a7ef97e0-2ab1-4667-8fb9-07d534817d74\"} \/-->\n\n<!-- wp:wpforms\/form-selector {\"clientId\":\"7c344fd2-9cbd-46c1-8b1d-16d5539ad056\"} \/-->\t\t\t\t\t<\/div>\n\t\t\t\t\t\t<\/div>\n\t\t\t\t<\/div>\n\t\t\t\t\t\t<\/div>\n\t\t\t\t\t<\/div>\n\t\t<\/div>\n\t\t\t\t\t\t\t\t<\/div>\n\t\t\t\t\t<\/div>\n\t\t<\/section>\n\t\t\t\t<section class=\"elementor-section elementor-top-section elementor-element elementor-element-e764019 elementor-section-boxed elementor-section-height-default elementor-section-height-default\" data-id=\"e764019\" data-element_type=\"section\">\n\t\t\t\t\t\t<div class=\"elementor-container elementor-column-gap-default\">\n\t\t\t\t\t\t\t<div class=\"elementor-row\">\n\t\t\t\t\t<div class=\"elementor-column elementor-col-100 elementor-top-column elementor-element elementor-element-1051cdd\" data-id=\"1051cdd\" data-element_type=\"column\">\n\t\t\t<div class=\"elementor-column-wrap elementor-element-populated\">\n\t\t\t\t\t\t\t<div class=\"elementor-widget-wrap\">\n\t\t\t\t\t\t<div class=\"elementor-element elementor-element-7d64a23 elementor-widget elementor-widget-wpforms\" data-id=\"7d64a23\" data-element_type=\"widget\" data-widget_type=\"wpforms.default\">\n\t\t\t\t<div class=\"elementor-widget-container\">\n\t\t\t<style id=\"wpforms-css-vars-root\">\n\t\t\t\t:root {\n\t\t\t\t\t--wpforms-field-border-radius: 3px;\n--wpforms-field-background-color: #ffffff;\n--wpforms-field-border-color: rgba( 0, 0, 0, 0.25 );\n--wpforms-field-text-color: rgba( 0, 0, 0, 0.7 );\n--wpforms-label-color: rgba( 0, 0, 0, 0.85 );\n--wpforms-label-sublabel-color: rgba( 0, 0, 0, 0.55 );\n--wpforms-label-error-color: #d63637;\n--wpforms-button-border-radius: 3px;\n--wpforms-button-background-color: #066aab;\n--wpforms-button-text-color: #ffffff;\n--wpforms-field-size-input-height: 43px;\n--wpforms-field-size-input-spacing: 15px;\n--wpforms-field-size-font-size: 16px;\n--wpforms-field-size-line-height: 19px;\n--wpforms-field-size-padding-h: 14px;\n--wpforms-field-size-checkbox-size: 16px;\n--wpforms-field-size-sublabel-spacing: 5px;\n--wpforms-field-size-icon-size: 1;\n--wpforms-label-size-font-size: 16px;\n--wpforms-label-size-line-height: 19px;\n--wpforms-label-size-sublabel-font-size: 14px;\n--wpforms-label-size-sublabel-line-height: 17px;\n--wpforms-button-size-font-size: 17px;\n--wpforms-button-size-height: 41px;\n--wpforms-button-size-padding-h: 15px;\n--wpforms-button-size-margin-top: 10px;\n\n\t\t\t\t}\n\t\t\t<\/style><div class=\"wpforms-container wpforms-container-full wpforms-render-modern\" id=\"wpforms-2434\"><form id=\"wpforms-form-2434\" class=\"wpforms-validate wpforms-form wpforms-ajax-form\" data-formid=\"2434\" method=\"post\" enctype=\"multipart\/form-data\" action=\"\/index.php?rest_route=%2Fwp%2Fv2%2Fpages%2F2395\" data-token=\"997cc18e090f1a20d16884ba25569b3b\"><noscript class=\"wpforms-error-noscript\">Please enable JavaScript in your browser to complete this form.<\/noscript><div class=\"wpforms-hidden\" id=\"wpforms-error-noscript\">Please enable JavaScript in your browser to complete this form.<\/div><div class=\"wpforms-field-container\"><div id=\"wpforms-2434-field_1-container\" class=\"wpforms-field wpforms-field-name\" data-field-id=\"1\"><label class=\"wpforms-field-label\" for=\"wpforms-2434-field_1\">Imi\u0119 i nazwisko <span class=\"wpforms-required-label\" aria-hidden=\"true\">*<\/span><\/label><input type=\"text\" id=\"wpforms-2434-field_1\" class=\"wpforms-field-medium wpforms-field-required\" name=\"wpforms[fields][1]\" aria-errormessage=\"wpforms-2434-field_1-error\" aria-describedby=\"wpforms-2434-field_1-description\" required><div id=\"wpforms-2434-field_1-description\" class=\"wpforms-field-description\">Wpisz imi\u0119 kandydata<\/div><\/div><div id=\"wpforms-2434-field_2-container\" class=\"wpforms-field wpforms-field-email\" data-field-id=\"2\"><label class=\"wpforms-field-label\" for=\"wpforms-2434-field_2\">Email <span class=\"wpforms-required-label\" aria-hidden=\"true\">*<\/span><\/label><input type=\"email\" id=\"wpforms-2434-field_2\" class=\"wpforms-field-medium wpforms-field-required\" name=\"wpforms[fields][2]\" spellcheck=\"false\" aria-errormessage=\"wpforms-2434-field_2-error\" required><\/div><div id=\"wpforms-2434-field_3-container\" class=\"wpforms-field wpforms-field-radio\" data-field-id=\"3\"><fieldset><legend class=\"wpforms-field-label\">Kt\u00f3ry egzamin Ci\u0119 interesuje? <span class=\"wpforms-required-label\" aria-hidden=\"true\">*<\/span><\/legend><ul id=\"wpforms-2434-field_3\" class=\"wpforms-field-required\"><li class=\"choice-1 depth-1\"><input type=\"radio\" id=\"wpforms-2434-field_3_1\" name=\"wpforms[fields][3]\" value=\"YLE Pre-A1 Fox\" aria-errormessage=\"wpforms-2434-field_3_1-error\" aria-describedby=\"wpforms-2434-field_3-description\" required ><label class=\"wpforms-field-label-inline\" for=\"wpforms-2434-field_3_1\">YLE Pre-A1 Fox<\/label><\/li><li class=\"choice-2 depth-1\"><input type=\"radio\" id=\"wpforms-2434-field_3_2\" name=\"wpforms[fields][3]\" value=\"YLE A1 Owl\" aria-errormessage=\"wpforms-2434-field_3_2-error\" aria-describedby=\"wpforms-2434-field_3-description\" required ><label class=\"wpforms-field-label-inline\" for=\"wpforms-2434-field_3_2\">YLE A1 Owl<\/label><\/li><li class=\"choice-3 depth-1\"><input type=\"radio\" id=\"wpforms-2434-field_3_3\" name=\"wpforms[fields][3]\" value=\"IESOL for School A1 Preliminary\" aria-errormessage=\"wpforms-2434-field_3_3-error\" aria-describedby=\"wpforms-2434-field_3-description\" required ><label class=\"wpforms-field-label-inline\" for=\"wpforms-2434-field_3_3\">IESOL for School A1 Preliminary<\/label><\/li><li class=\"choice-4 depth-1\"><input type=\"radio\" id=\"wpforms-2434-field_3_4\" name=\"wpforms[fields][3]\" value=\"IESOL for School A2 Access\" aria-errormessage=\"wpforms-2434-field_3_4-error\" aria-describedby=\"wpforms-2434-field_3-description\" required ><label class=\"wpforms-field-label-inline\" for=\"wpforms-2434-field_3_4\">IESOL for School A2 Access<\/label><\/li><li class=\"choice-5 depth-1\"><input type=\"radio\" id=\"wpforms-2434-field_3_5\" name=\"wpforms[fields][3]\" value=\"IESOL for School B1 Preliminary\" aria-errormessage=\"wpforms-2434-field_3_5-error\" aria-describedby=\"wpforms-2434-field_3-description\" required ><label class=\"wpforms-field-label-inline\" for=\"wpforms-2434-field_3_5\">IESOL for School B1 Preliminary<\/label><\/li><li class=\"choice-6 depth-1\"><input type=\"radio\" id=\"wpforms-2434-field_3_6\" name=\"wpforms[fields][3]\" value=\"IESOL for School B2 Communicator\" aria-errormessage=\"wpforms-2434-field_3_6-error\" aria-describedby=\"wpforms-2434-field_3-description\" required ><label class=\"wpforms-field-label-inline\" for=\"wpforms-2434-field_3_6\">IESOL for School B2 Communicator<\/label><\/li><\/ul><div id=\"wpforms-2434-field_3-description\" class=\"wpforms-field-description\">Zaznacz egzamin, na kt\u00f3ry chcesz zapisa\u0107 kandydata.<\/div><\/fieldset><\/div><div id=\"wpforms-2434-field_8-container\" class=\"wpforms-field wpforms-field-radio\" data-field-id=\"8\"><fieldset><legend class=\"wpforms-field-label\">W przypadku wyboru egzaminu IESOL A1 - IESOL B2 czy wolisz egzamin papierowy czy komputerowy? <span class=\"wpforms-required-label\" aria-hidden=\"true\">*<\/span><\/legend><ul id=\"wpforms-2434-field_8\" class=\"wpforms-field-required\"><li class=\"choice-1 depth-1\"><input type=\"radio\" id=\"wpforms-2434-field_8_1\" name=\"wpforms[fields][8]\" value=\"Papierowy (Paper-based = PB)\" aria-errormessage=\"wpforms-2434-field_8_1-error\" required ><label class=\"wpforms-field-label-inline\" for=\"wpforms-2434-field_8_1\">Papierowy (Paper-based = PB)<\/label><\/li><li class=\"choice-2 depth-1\"><input type=\"radio\" id=\"wpforms-2434-field_8_2\" name=\"wpforms[fields][8]\" value=\"Komputerowy (Computer-based = CB)\" aria-errormessage=\"wpforms-2434-field_8_2-error\" required ><label class=\"wpforms-field-label-inline\" for=\"wpforms-2434-field_8_2\">Komputerowy (Computer-based = CB)<\/label><\/li><li class=\"choice-3 depth-1\"><input type=\"radio\" id=\"wpforms-2434-field_8_3\" name=\"wpforms[fields][8]\" value=\"Wszystko mi jedno\" aria-errormessage=\"wpforms-2434-field_8_3-error\" required ><label class=\"wpforms-field-label-inline\" for=\"wpforms-2434-field_8_3\">Wszystko mi jedno<\/label><\/li><\/ul><\/fieldset><\/div><div id=\"wpforms-2434-field_9-container\" class=\"wpforms-field wpforms-field-radio\" data-field-id=\"9\"><fieldset><legend class=\"wpforms-field-label\">W przypadku wyboru egzaminu IESOL A1 - IESOL B2 czy jeste\u015b zainteresowany egzaminem online? (copy) <span class=\"wpforms-required-label\" aria-hidden=\"true\">*<\/span><\/legend><ul id=\"wpforms-2434-field_9\" class=\"wpforms-field-required\"><li class=\"choice-1 depth-1\"><input type=\"radio\" id=\"wpforms-2434-field_9_1\" name=\"wpforms[fields][9]\" value=\"Tak\" aria-errormessage=\"wpforms-2434-field_9_1-error\" required ><label class=\"wpforms-field-label-inline\" for=\"wpforms-2434-field_9_1\">Tak<\/label><\/li><li class=\"choice-2 depth-1\"><input type=\"radio\" id=\"wpforms-2434-field_9_2\" name=\"wpforms[fields][9]\" value=\"Nie\" aria-errormessage=\"wpforms-2434-field_9_2-error\" required ><label class=\"wpforms-field-label-inline\" for=\"wpforms-2434-field_9_2\">Nie<\/label><\/li><li class=\"choice-3 depth-1\"><input type=\"radio\" id=\"wpforms-2434-field_9_3\" name=\"wpforms[fields][9]\" value=\"Nie wiem, prosz\u0119 o wi\u0119cej informacji\" aria-errormessage=\"wpforms-2434-field_9_3-error\" required ><label class=\"wpforms-field-label-inline\" for=\"wpforms-2434-field_9_3\">Nie wiem, prosz\u0119 o wi\u0119cej informacji<\/label><\/li><\/ul><\/fieldset><\/div><div id=\"wpforms-2434-field_5-container\" class=\"wpforms-field wpforms-field-radio\" data-field-id=\"5\"><fieldset><legend class=\"wpforms-field-label\">Jak szybko kandydat ma przyst\u0105pi\u0107 do egzaminu? <span class=\"wpforms-required-label\" aria-hidden=\"true\">*<\/span><\/legend><ul id=\"wpforms-2434-field_5\" class=\"wpforms-field-required\"><li class=\"choice-1 depth-1\"><input type=\"radio\" id=\"wpforms-2434-field_5_1\" name=\"wpforms[fields][5]\" value=\"W ci\u0105gu miesi\u0105ca\" aria-errormessage=\"wpforms-2434-field_5_1-error\" required ><label class=\"wpforms-field-label-inline\" for=\"wpforms-2434-field_5_1\">W ci\u0105gu miesi\u0105ca<\/label><\/li><li class=\"choice-2 depth-1\"><input type=\"radio\" id=\"wpforms-2434-field_5_2\" name=\"wpforms[fields][5]\" value=\"W ci\u0105gu 2-3 m-cy\" aria-errormessage=\"wpforms-2434-field_5_2-error\" required ><label class=\"wpforms-field-label-inline\" for=\"wpforms-2434-field_5_2\">W ci\u0105gu 2-3 m-cy<\/label><\/li><li class=\"choice-3 depth-1\"><input type=\"radio\" id=\"wpforms-2434-field_5_3\" name=\"wpforms[fields][5]\" value=\"W ci\u0105gu 4-6 m-cy\" aria-errormessage=\"wpforms-2434-field_5_3-error\" required ><label class=\"wpforms-field-label-inline\" for=\"wpforms-2434-field_5_3\">W ci\u0105gu 4-6 m-cy<\/label><\/li><li class=\"choice-4 depth-1\"><input type=\"radio\" id=\"wpforms-2434-field_5_4\" name=\"wpforms[fields][5]\" value=\"Jeszcze nie wiem\" aria-errormessage=\"wpforms-2434-field_5_4-error\" required ><label class=\"wpforms-field-label-inline\" for=\"wpforms-2434-field_5_4\">Jeszcze nie wiem<\/label><\/li><\/ul><\/fieldset><\/div><div id=\"wpforms-2434-field_7-container\" class=\"wpforms-field wpforms-field-textarea\" data-field-id=\"7\"><label class=\"wpforms-field-label\" for=\"wpforms-2434-field_7\">Pytania\/Komentarze<\/label><textarea id=\"wpforms-2434-field_7\" class=\"wpforms-field-medium\" name=\"wpforms[fields][7]\" aria-errormessage=\"wpforms-2434-field_7-error\" ><\/textarea><\/div><\/div><!-- .wpforms-field-container --><div class=\"wpforms-submit-container\" ><input type=\"hidden\" name=\"wpforms[id]\" value=\"2434\"><input type=\"hidden\" name=\"wpforms[author]\" value=\"2\"><button type=\"submit\" name=\"wpforms[submit]\" id=\"wpforms-submit-2434\" class=\"wpforms-submit\" data-alt-text=\"Wysy\u0142am....\" data-submit-text=\"Wy\u015blij\" aria-live=\"assertive\" value=\"wpforms-submit\">Wy\u015blij<\/button><img loading=\"lazy\" src=\"https:\/\/www.lynkojunior.com\/wp-content\/plugins\/wpforms-lite\/assets\/images\/submit-spin.svg\" class=\"wpforms-submit-spinner\" style=\"display: none;\" width=\"26\" height=\"26\" alt=\"Loading\"><\/div><\/form><\/div>  <!-- .wpforms-container -->\t\t<\/div>\n\t\t\t\t<\/div>\n\t\t\t\t\t\t<\/div>\n\t\t\t\t\t<\/div>\n\t\t<\/div>\n\t\t\t\t\t\t\t\t<\/div>\n\t\t\t\t\t<\/div>\n\t\t<\/section>\n\t\t\t\t\t\t\t\t\t<\/div>\n\t\t\t<\/div>\n\t\t\t\t\t<\/div>\n\t\t","protected":false},"excerpt":{"rendered":"Please enable JavaScript in your browser to complete this form.Please enable JavaScript in your browser to complete this form.Imi\u0119 i nazwisko *Wpisz imi\u0119 kandydataEmail *Kt\u00f3ry egzamin<span class=\"excerpt-hellip\"> [\u2026]<\/span>","protected":false},"author":2,"featured_media":0,"parent":0,"menu_order":0,"comment_status":"closed","ping_status":"open","template":"","meta":[],"_links":{"self":[{"href":"https:\/\/www.lynkojunior.com\/index.php?rest_route=\/wp\/v2\/pages\/2395"}],"collection":[{"href":"https:\/\/www.lynkojunior.com\/index.php?rest_route=\/wp\/v2\/pages"}],"about":[{"href":"https:\/\/www.lynkojunior.com\/index.php?rest_route=\/wp\/v2\/types\/page"}],"author":[{"embeddable":true,"href":"https:\/\/www.lynkojunior.com\/index.php?rest_route=\/wp\/v2\/users\/2"}],"replies":[{"embeddable":true,"href":"https:\/\/www.lynkojunior.com\/index.php?rest_route=%2Fwp%2Fv2%2Fcomments&post=2395"}],"version-history":[{"count":8,"href":"https:\/\/www.lynkojunior.com\/index.php?rest_route=\/wp\/v2\/pages\/2395\/revisions"}],"predecessor-version":[{"id":3764,"href":"https:\/\/www.lynkojunior.com\/index.php?rest_route=\/wp\/v2\/pages\/2395\/revisions\/3764"}],"wp:attachment":[{"href":"https:\/\/www.lynkojunior.com\/index.php?rest_route=%2Fwp%2Fv2%2Fmedia&parent=2395"}],"curies":[{"name":"wp","href":"https:\/\/api.w.org\/{rel}","templated":true}]}}