{"id":3765,"date":"2025-08-24T19:59:45","date_gmt":"2025-08-24T19:59:45","guid":{"rendered":"https:\/\/www.lynkojunior.com\/?page_id=3765"},"modified":"2025-08-24T19:59:46","modified_gmt":"2025-08-24T19:59:46","slug":"nauczanie-domowe-wsparcie","status":"publish","type":"page","link":"https:\/\/www.lynkojunior.com\/?page_id=3765","title":{"rendered":"Nauczanie domowe &#8211; wsparcie"},"content":{"rendered":"\t\t<div data-elementor-type=\"wp-page\" data-elementor-id=\"3765\" class=\"elementor elementor-3765\">\n\t\t\t\t\t\t<div class=\"elementor-inner\">\n\t\t\t\t<div class=\"elementor-section-wrap\">\n\t\t\t\t\t\t\t\t\t<section class=\"elementor-section elementor-top-section elementor-element elementor-element-7f689f8c elementor-section-boxed elementor-section-height-default elementor-section-height-default\" data-id=\"7f689f8c\" data-element_type=\"section\">\n\t\t\t\t\t\t<div class=\"elementor-container elementor-column-gap-default\">\n\t\t\t\t\t\t\t<div class=\"elementor-row\">\n\t\t\t\t\t<div class=\"elementor-column elementor-col-100 elementor-top-column elementor-element elementor-element-493b4992\" data-id=\"493b4992\" data-element_type=\"column\">\n\t\t\t<div class=\"elementor-column-wrap elementor-element-populated\">\n\t\t\t\t\t\t\t<div class=\"elementor-widget-wrap\">\n\t\t\t\t\t\t<div class=\"elementor-element elementor-element-62bf8673 elementor-widget elementor-widget-text-editor\" data-id=\"62bf8673\" data-element_type=\"widget\" data-widget_type=\"text-editor.default\">\n\t\t\t\t<div class=\"elementor-widget-container\">\n\t\t\t\t\t\t\t\t<div class=\"elementor-text-editor elementor-clearfix\">\n\t\t\t\t<!-- wp:wpforms\/form-selector {\"clientId\":\"2859a404-25bd-4e53-844a-561d7f822aa5\"} \/-->\n\n<!-- wp:wpforms\/form-selector {\"clientId\":\"09b34a8c-fd1b-4713-969f-105fb3a13542\"} \/-->\n\n<!-- wp:wpforms\/form-selector {\"clientId\":\"3b965e73-e01c-4975-993c-6758edccd545\"} \/-->\n\n<!-- wp:wpforms\/form-selector {\"clientId\":\"ad4f4e7b-f3a9-4a16-98da-52d9eec279ac\"} \/-->\n\n<!-- wp:wpforms\/form-selector {\"clientId\":\"181bf840-e369-46b3-8899-47b296da53d4\"} \/-->\n\n<!-- wp:wpforms\/form-selector {\"clientId\":\"7282d14b-6ad0-4bd7-9b84-3b557bacf146\"} \/-->\n\n<!-- wp:wpforms\/form-selector {\"clientId\":\"250cd263-57ce-4f51-9046-4d895c5714fb\"} \/-->\n\n<!-- wp:wpforms\/form-selector {\"clientId\":\"552363c5-81d8-45f0-b6cd-0dfedacd1f1f\"} \/-->\n\n<!-- wp:wpforms\/form-selector {\"clientId\":\"0264cab3-40ee-4416-a7d3-6b9130bee192\"} \/-->\n\n<!-- wp:wpforms\/form-selector {\"clientId\":\"f3603792-f2cc-4681-a9d9-fd7817b916eb\"} \/-->\n\n<!-- wp:wpforms\/form-selector {\"clientId\":\"a7ef97e0-2ab1-4667-8fb9-07d534817d74\"} \/-->\n\n<!-- wp:wpforms\/form-selector {\"clientId\":\"7c344fd2-9cbd-46c1-8b1d-16d5539ad056\"} \/-->\t\t\t\t\t<\/div>\n\t\t\t\t\t\t<\/div>\n\t\t\t\t<\/div>\n\t\t\t\t\t\t<\/div>\n\t\t\t\t\t<\/div>\n\t\t<\/div>\n\t\t\t\t\t\t\t\t<\/div>\n\t\t\t\t\t<\/div>\n\t\t<\/section>\n\t\t\t\t\t\t\t\t\t<\/div>\n\t\t\t<\/div>\n\t\t\t\t\t<\/div>\n\t\t","protected":false},"excerpt":{"rendered":"Please enable JavaScript in your browser to complete this form.Please enable JavaScript in your browser to complete this form.Imi\u0119 i nazwisko *Wpisz imi\u0119 kandydataEmail *Kt\u00f3ry egzamin<span class=\"excerpt-hellip\"> [\u2026]<\/span>","protected":false},"author":2,"featured_media":0,"parent":0,"menu_order":0,"comment_status":"closed","ping_status":"open","template":"","meta":[],"_links":{"self":[{"href":"https:\/\/www.lynkojunior.com\/index.php?rest_route=\/wp\/v2\/pages\/3765"}],"collection":[{"href":"https:\/\/www.lynkojunior.com\/index.php?rest_route=\/wp\/v2\/pages"}],"about":[{"href":"https:\/\/www.lynkojunior.com\/index.php?rest_route=\/wp\/v2\/types\/page"}],"author":[{"embeddable":true,"href":"https:\/\/www.lynkojunior.com\/index.php?rest_route=\/wp\/v2\/users\/2"}],"replies":[{"embeddable":true,"href":"https:\/\/www.lynkojunior.com\/index.php?rest_route=%2Fwp%2Fv2%2Fcomments&post=3765"}],"version-history":[{"count":6,"href":"https:\/\/www.lynkojunior.com\/index.php?rest_route=\/wp\/v2\/pages\/3765\/revisions"}],"predecessor-version":[{"id":3776,"href":"https:\/\/www.lynkojunior.com\/index.php?rest_route=\/wp\/v2\/pages\/3765\/revisions\/3776"}],"wp:attachment":[{"href":"https:\/\/www.lynkojunior.com\/index.php?rest_route=%2Fwp%2Fv2%2Fmedia&parent=3765"}],"curies":[{"name":"wp","href":"https:\/\/api.w.org\/{rel}","templated":true}]}}